sor of 45507 and 14578?
197
What is the greatest common divisor of 168 and 103992?
168
What is the greatest common factor of 96880 and 1260?
140
Calculate the greatest common factor of 341494 and 1898.
146
Calculate the greatest common divisor of 99057 and 168.
21
What is the highest common divisor of 390 and 4854460?
130
What is the greatest common divisor of 137 and 37812?
137
What is the highest common divisor of 7590 and 1469424?
1518
Calculate the highest common divisor of 21605960 and 40.
40
Calculate the greatest common factor of 33580 and 14089.
73
What is the greatest common divisor of 58 and 2167054?
58
Calculate the greatest common divisor of 210 and 77220.
30
What is the greatest common divisor of 377162 and 34?
34
What is the highest common factor of 759 and 42493?
11
Calculate the highest common divisor of 280 and 103705.
35
What is the greatest common divisor of 4624 and 30209?
17
Calculate the greatest common factor of 15943 and 4917.
149
What is the highest common divisor of 11368 and 10276?
28
What is the highest common divisor of 269388 and 63?
63
Calculate the greatest common divisor of 6457 and 13501.
587
Calculate the highest common factor of 36 and 450657.
9
Calculate the greatest common factor of 66000 and 5610.
330
What is the greatest common factor of 165 and 5863?
11
What is the highest common divisor of 42 and 883302?
42
Calculate the greatest common divisor of 8298448 and 32.
16
Calculate the greatest common divisor of 180963 and 9.
9
Calculate the highest common divisor of 39993 and 6.
3
What is the greatest common factor of 644757 and 203?
29
Calculate the highest common factor of 10 and 4490.
10
What is the greatest common factor of 44400 and 1440?
240
Calculate the greatest common divisor of 22 and 247522.
22
What is the greatest common divisor of 231 and 54411?
21
What is the greatest common factor of 545230 and 154?
14
Calculate the highest common factor of 25128 and 468.
36
Calculate the greatest common factor of 18 and 8724.
6
Calculate the highest common divisor of 52 and 25506.
26
What is the highest common divisor of 20301 and 1675?
67
Calculate the greatest common divisor of 1764 and 12642.
294
What is the highest common divisor of 10290 and 3773?
343
What is the greatest common factor of 162026 and 16?
2
What is the greatest common factor of 1799 and 592899?
257
What is the highest common divisor of 216 and 2832300?
108
Calculate the greatest common factor of 144 and 72990.
18
What is the greatest common divisor of 2489 and 82327?
19
What is the highest common divisor of 58277 and 101?
101
What is the greatest common divisor of 3850 and 289275?
175
Calculate the highest common factor of 326289 and 2928.
183
What is the greatest common divisor of 4 and 3134?
2
Calculate the highest common factor of 24381 and 6192.
387
What is the highest common divisor of 16 and 9452992?
16
What is the greatest common factor of 3406 and 63404?
262
Calculate the greatest common divisor of 5418 and 1911.
21
What is the greatest common factor of 6 and 17166?
6
Calculate the highest common divisor of 643012 and 4.
4
Calculate the highest common factor of 299 and 381251.
13
Calculate the greatest common divisor of 112 and 466235.
7
Calculate the highest common divisor of 89539 and 4301.
391
Calculate the highest common factor of 4 and 373.
1
What is the highest common factor of 9768 and 7392?
264
What is the highest common factor of 193 and 24?
1
What is the greatest common factor of 118 and 2263417?
59
Calculate the highest common divisor of 95833 and 423.
47
Calculate the highest common divisor of 1 and 535319.
1
What is the highest common factor of 122502 and 102?
102
What is the greatest common divisor of 123 and 631154?
41
What is the greatest common factor of 536256 and 576?
576
What is the greatest common factor of 43181 and 2465?
29
Calculate the greatest common factor of 288531 and 18.
9
What is the highest common factor of 116116 and 728?
364
Calculate the highest common divisor of 32676 and 381609.
1167
Calculate the highest common factor of 100488 and 141252.
948
Calculate the highest common factor of 183735 and 270.
135
What is the greatest common divisor of 29403 and 972?
243
What is the greatest common divisor of 162 and 21438?
54
Calculate the greatest common factor of 2773 and 34733.
47
Calculate the greatest common divisor of 605946 and 33.
33
What is the greatest common factor of 13926 and 297?
33
Calculate the highest common divisor of 5558 and 14.
14
What is the greatest common divisor of 97 and 10978169?
97
Calculate the greatest common divisor of 1167873 and 114.
57
What is the greatest common factor of 612 and 52989?
51
What is the greatest common factor of 1440621 and 42?
21
What is the highest common divisor of 19 and 3329104?
19
What is the greatest common divisor of 29253 and 588?
147
What is the greatest common divisor of 2920 and 21316?
292
Calculate the greatest common divisor of 238 and 2240.
14
What is the greatest common divisor of 39752 and 472?
8
What is the greatest common factor of 2754 and 3298?
34
Calculate the greatest common factor of 34 and 72505.
17
What is the highest common factor of 88710 and 3?
3
What is the greatest common divisor of 4495 and 140?
5
What is the highest common factor of 3321 and 656?
41
Calculate the highest common factor of 1573 and 23465.
13
What is the greatest common factor of 5588 and 396?
44
What is the greatest common factor of 500019 and 13?
13
What is the highest common factor of 7785 and 90?
45
Calculate the highest common divisor of 120 and 21660.
60
What is the highest common factor of 7900 and 37604?
316
Calculate the greatest common divisor of 1700 and 70.
10
Calculate the greatest common divisor of 12535 and 2921.
23
What is the greatest common divisor of 15100 and 540?
20
Calculate the greatest common divisor of 6017848 and 232.
232
Calculate the highest common factor of 21930 and 11670.
30
Calculate the greatest common divisor of 690939 and 9.
9
What is the highest common divisor of 181224 and 19008?
216
What is the highest common divisor of 165 and 13992?
33
What is the greatest common divisor of 6893 and 3277?
113
What is the highest common factor of 1280 and 112512?
128
Calculate the greatest common factor of 105 and 425222.
7
Calculate the greatest common factor of 3464 and 57589.
433
Calculate the greatest common factor of 17085 and 510.
255
Calculate the greatest common factor of 79120 and 1204.
172
What is the highest common divisor of 1479 and 6987?
51
What is the greatest common divisor of 319052 and 1909?
83
What is the greatest common divisor of 2471 and 532?
7
Calculate the greatest common factor of 150 and 362300.
50
What is the greatest common divisor of 54880 and 1792?
224
What is the greatest common divisor of 2875995 and 711?
711
What is the highest common divisor of 616 and 33600?
56
What is the highest common factor of 504 and 84868?
28
Calculate the greatest common divisor of 50 and 392700.
50
Calculate the highest common factor of 9170 and 112.
14
What is the greatest common factor of 3196 and 8084?
188
Calculate the greatest common divisor of 421 and 295121.
421
Calculate the greatest common divisor of 266174 and 10.
2
Calculate the highest common divisor of 48 and 1590144.
48
Calculate the greatest common divisor of 9828 and 8372.
364
What is the highest common factor of 4 and 10756?
4
Calculate the greatest common factor of 3488 and 1114852.
436
Calculate the highest common factor of 13671 and 294.
147
Calculate the greatest common factor of 35558 and 322.
46
Calculate the highest common divisor of 51 and 6477.
51
What is the greatest common divisor of 80 and 324848?
16
What is the greatest common factor of 31420 and 20?
20
Calculate the greatest common divisor of 237324 and 216.
12
What is the highest common divisor of 140 and 68292?
28
Calculate the highest common factor of 170 and 116042.
34
What is the highest common divisor of 10752 and 63056?
112
Calculate the highest common factor of 918 and 84762.
306
Calculate the greatest common factor of 60 and 293980.
20
Calculate the highest common factor of 17445 and 195.
15
What is the greatest common divisor of 36583 and 2?
1
Calculate the highest common divisor of 6